 - (8 - 3)) - (16 + -29).
4
What is the value of 12 + -87 + (86 - -43)?
54
48 + 35 + -58 + (-1 - (171 - 7))
-140
What is the value of -36 + 44 + -13 + -77 + 9?
-73
What is (-19 - -1) + -22 + (-27 - -36) + 5?
-26
Calculate -27 - (31 + (-45 - 73)).
60
What is -19 - (42 - 36 - (-4 + -10))?
-39
What is the value of -148 + 313 + -46 + -57?
62
What is the value of 40 - (164 + (-128 - -113))?
-109
Calculate 5 + 157 + -111 + -5 + 0 + 1.
47
Calculate (61 - 70 - (17 - 33)) + 8.
15
23 + (-28 + 34 - 50)
-21
-30 - (21 + (-6 - 28))
-17
1 - (44 - (2 + (-26 - -20)))
-47
What is 18 + (42 - -8) + (-16 + 3 - -16)?
71
What is 11 - (1 - -1) - (-33 + 19 - -15)?
8
Calculate -5 + (-10 - (36 + -8 + -31)).
-12
Evaluate -4 + 72 + -4 + (49 - (54 - 24)).
83
-31 + -65 + (-11 + -7 - -52)
-62
What is the value of 25 + -24 - (3 - -16)?
-18
Evaluate 35 + -64 + 23 + (-2 - ((20 - -1) + -2)).
-27
What is -5 - (4 - 15 - 49) - -11 - (-13 - -11)?
68
What is the value of (-155 - -66) + 134 + -10?
35
19 + -4 - (42 - 49) - (1 + -11)
32
Evaluate -1 + -46 + -3 - (-1085 - -1111).
-76
Evaluate (0 + 1 + 9 - (-113 - (-332 - -202))) + 97.
90
What is the value of -2 - (127 + -82 + -55 - (-2 + 1 + 2))?
9
1 + 108 + 0 + (-53 - (-101 + -11 + 58))
110
Calculate (5 - 22 - -6 - -12) + 0 + 1 + 1.
3
Evaluate 20 + 71 - (41 + 42 - 48).
56
What is the value of 0 - 2 - (5 + -14 + -4 + 9 + 13)?
-11
What is -68 + (72 + 2 - 23)?
-17
What is the value of 53 + -17 + (12 - (-8 - -9)) + (1 - 0)?
48
What is the value of 0 + -1 + -2373 + 2280?
-94
Evaluate -10 - (15 - 60) - ((6 - 3) + -10).
42
Calculate 27 + -9 + -12 + 4 - -26.
36
(-869 - -884) + -2 + -42
-29
Calculate 70 + -285 - (-243 + 104).
-76
What is -1 + (0 - -1 - -17) + 75 + -82?
10
What is the value of 4864 + -4947 - (-1 - 42)?
-40
What is the value of 11 + (-1 - 7) - (128 + -150)?
25
-2 + 1 - (-18 - -17) - (2 + 4) - 44
-50
What is the value of (3 - (17 - (-11 + 4 - -16))) + -55 + 169?
109
What is 2 + (85 - 81) - 16?
-10
-1 + 32 - ((-34 - 34) + 56)
43
What is (-14 - 2) + (6 - -10) - (70 - -9)?
-79
Calculate 151 + -55 - (6 + 4 + -10).
96
Calculate -12 + 9 + (-11 - 2) + 42.
26
Calculate 0 - (20 - (2 - 1)) - (-9850 - -9910).
-79
What is the value of 5 + 6 + -77 + 2 + 1 + (2 - 0)?
-61
What is (0 - 1) + -8 - ((-26 - -35) + -55)?
37
What is the value of 48 - (43 + -55 + (-4 - -5) + 0)?
59
Calculate -10668 - -10672 - (-101 - 1).
106
What is the value of -38 - 2 - 1 - (206 - 221)?
-26
Calculate 23 - (-24 - -20 - (-12 - -30)).
45
Evaluate -34 - ((57 + -17 - 179) + -18).
123
(3 - -2) + (3 - 0) - (-26 - (0 - 92))
-58
What is the value of (0 + 31 - (-12 + 24)) + -98?
-79
(15 - (18 + 1)) + -40 + 95
51
Evaluate (-22 - (-25 - -38)) + (-24 - -10).
-49
What is the value of -3 - (-38 - -23 - 7 - -27)?
-8
-33 - (-60 - -57) - 5
-35
Evaluate 9 + 3 + (-52 - -32) + 42 + 4.
38
Evaluate (15 - (53 + 7)) + 12 - -12.
-21
What is (-2 - -2) + 12 + -25 + 69 + (0 - -1)?
57
What is the value of -170 - (7 - (-48 + 133))?
-92
(-42 + 88 - 78) + 16
-16
63 - 3 - (3615 + -3581)
26
(7 - 8) + -7 - (-75 - -30)
37
What is (47 - (-1 - -3 - 5)) + (8 + 16 - 28)?
46
Calculate 20 + (-17 + 13 - (-2 - 1) - 1).
18
Evaluate 69 - (101 + (-84 - -141)).
-89
(-75 - -88 - (3 - 28)) + 2
40
What is 43 + (-17 - -1) + 11 - -20?
58
Calculate (-10 - (1 + 1 + (0 - 2))) + 779 + -764.
5
Evaluate (-74 - ((1 - -12) + -28 + 66 + -63)) + 9.
-53
What is the value of (53 - 34) + (4 - 1)?
22
Evaluate -25 + (2 - 1) + -8511 + 8614.
79
Calculate -91 + 68 - (-17 + -8 + -4 + 12).
-6
11 + (-10 + -14 + 22 - 31)
-22
What is (-47 + 44 + -14 - -40) + -140?
-117
What is the value of 11 - (4 + 3) - (2 + (7 - 82) + -2)?
79
-6 + (1 - -17) + -12 - (25 - 1)
-24
What is 1576 + -1576 + 1 + -42?
-41
What is -1 + 6 - (-17 - -31) - (-6 - 1 - 2)?
0
What is the value of (9 - (10 + -26 + 20)) + (1 - 2) - -48?
52
What is 511 + -513 - (85 + -8 + 10)?
-89
Evaluate 1 - 20 - (-44 - (94 - 161)).
-42
Evaluate -11 + (1 - -2) + -18 + 5 + -4.
-25
Calculate -202248 - -202246 - ((105 - -1) + (1 - 1) - -1).
-109
Calculate 5 + 111 + -120 - (6 - (2 - 3)).
-11
What is the value of 6 - 3 - (-513 - -531)?
-15
Calculate 2426 - 2400 - (25 - 2).
3
Evaluate (19 - (-2 - -9 - (32 + -21))) + 8.
31
-16 - (38 + -77 + 12)
11
Calculate (-78 - -1) + -3 + 38 + 33.
-9
(80 - 21 - 21) + -104 - (3 - -14)
-83
Evaluate -43 - 46 - -46 - -130.
87
What is -95 + 163 + -87 + (-30 - 1) + -1?
-51
Calculate -53 - (-51 - 71 - -54).
15
Evaluate -3 + 1 + (145 - 129) + 23.
37
What is the value of 3 - (3 - (5 + 19 - 4))?
20
Evaluate -5 - (-1 - 0) - ((22 - 82) + 96 + -22).
-18
What is 12 + 0 - (-45 + 46) - (-2 + 73)?
-60
Evaluate 1 + -6 - (-4 + (-64 - -59)) - 69.
-65
Evaluate -5 + -7 + (12 - (12 + (9 - 1))).
-20
Evaluate -1 - (-182 + 188 - (-9 + 0)).
-16
What is 86 - -13 - (25 + 0 + -5) - (-7 + 1)?
85
Evaluate -1 + (11 - (-5 + 5)) + (-42 + 4 - -18).
-10
Evaluate (703 - 565) + (-4 - 30) + 3.
107
What is the value of -81 + (-2 + 4 - -2 - (131 - 129))?
-79
(-6 - -4) + -17 + (-18 - (-16 - -3))
-24
What is 3 + (-1 + 0 - (-22 + -2)) - (267 + -272)?
31
What is -1 - 2 - (-9 + 25 - 48 - 13)?
42
What is (-74 - -121) + -28 - ((4 - 2) + -2)?
19
-130 - (-66 + -92 + 64)
-36
Calculate (-51 + -1 - -21) + 5 - -40.
14
Evaluate (-1 + -1 + 11 - (-734 - -748)) + 3.
-2
What is 2656 + -2681 - (19 - (-3 + -1))?
-48
What is the value of 3 + (65 - (181 - 98))?
-15
What is 51 + 11 + -22 + -72?
-32
Calculate -220 + 217 - (1 + 11) - 18.
-33
What is the value of (-17 - (-1 + (4 - 0))) + (62 - -10)?
52
What is -28 + (-26 - 34 - 30)?
-118
Calculate -1 - ((-27 - (-44 - 11)) + -73).
44
Calculate 11 - ((1 - -14) + 45 + -55 + -13) - 9.
10
What is the value of 37 - (37 - (-12 - -26) - 33)?
47
Evaluate -17 + (12 - (12 - 4)) - (15 + -3).
-25
What is 20 + (-33 - -72) + 32?
91
What is the value of (-291 - -290) + -8 + 1 + (111 - 6 - 6)?
91
What is the value of -5 - (1 - 0) - (-1 - (0 + -10 + 1))?
-14
Calculate 94 - (13 - 20) - 43.
58
Calculate -58 - (10 - -37 - 95).
-10
(0 - -76) + (-9176 - -9131)
31
What is (62 - 19 - -16) + -5 + -11?
43
Evaluate -19 + 44 + -23 + 22 - 34.
-10
What is the value of 0 - -55 - (-3710 + 3792)?
-27
What is the value of -47 - (-93 - -72 - -11)?
-37
Calculate 8 + 2 - (-70 + 98) - -7.
-11
What is -1 - (-1 - -30 - 4 - (-6 + 17 + -14))?
-29
What is (-16 - (-67 + 21 + -7)) + -2?
35
Calculate -61 - -52 - ((-10 - -2 - -1) + (-4 - -3)).
-1
What is the value of 58 + (-118 - -35) + -33?
-58
Evaluate 29 - 2 - ((-25 - -8) + -15 + 17 + 24).
18
Calculate (14 - 7) + 5 + 23 + 13 + -4 + 1.
45
What is the value of (-9 + 1 + 4 + -8 - (-14 - -11)) + 107?
98
Calculate 0 + -25 + (46 - 62) + -9.
-50
-112 + 25 - (-143 - 47)
103
What is the value of 2 + (-58 - -13) + (1 + 2 + -1 - 12)?
-53
What is (-1212 - -1146) + 25 + (7 - 7)?
-41
Calculate -1 + 0 + (50 - (16 + -53 + 56)).
30
60 + (-11 - (-2 + 15 + -27 + 13))
50
What is the value of 1 + 11 + -3 + -2 - (15 - -13 - 14)?
-7
What is the value of (-15 + -12 + 13 + (-5 - 0) - -12) + 60?
53
-9 - (-73 + (0 - (5 - (-3 + (-7 - -21)))))
58
(-1 - 27) + -85 + 102
-11
What is 813 + -828 + (129 - 1) + (19 - 13)?
119
Calculate -21 + (-54 - 14) - -12.
-77
(836 - 849) + (3 - 15) + 3
-22
What is the value of (5 - -11) + -12 + 16 + (32 - -65)?
117
What is the value of 9 - (11 + 0 + -7) - (-3 - (-21 + 109))?
96
-3 + 32 - (-6 + -1 - (-14 + -3))
19
Evaluate 20 - (-5 + (-4 - -11) + -29).
47
Calculate (0 - -2 - (1 - -58) - (-39 + 31)) + 2.
-47
Evaluate -191 + 244 + (-2 + -3 + -4 - 4).
40
What is the value of -33 + (-95 - (-30 - 43))?
-55
What is 1 + (-28 - -23 - 13) + 27?
10
Calculate -59 - (0 + 1 - (-79 - (44 + -119))).
-64
What is the value of (0 - -1) + -1 + 2 + 23 + 40 + -99?
-34
Evaluate (-1 - -25) + -91 + 232 + -149 + (1 - 1).
16
Evaluate 1 - 99 - (-11 + -21 + -30 - -48).
-84
What is 44 - (45 + 40) - -98?
57
What is the value of -3 + 3 + -10 + (16 - 12)?
-6
Calculate (7 - -4) + -13 - (24 - (8 + -39)).
-57
What is 22 - (-4 + -1 + 14 + (-38 - -39))?
12
Evaluate (-5 - (-11 + 10)) + (-28 - -10).
-22
What is the value of (-43 - (-2 + -1)) + -2 - (-1608 - -1613)?
-47
Calculate (-12 - (1 + 10 + -26 - 4)) + 4 + 52.
63
Evaluate (-34 - 0) + -6 + (22 + 2 + -7 - 6).
-29
What is 16 - (7 + 3 + -62 - -7) - (-2 + -10)?
73
Calculate 0 + 3 + (3 - 2) - (-883 + 874).
13
What is the value of -1844 + 1739 - (-2 - (2 - (0 